	{"id":9,"date":"2026-01-14T14:56:14","date_gmt":"2026-01-14T13:56:14","guid":{"rendered":"https:\/\/ornulia.pl\/?page_id=9"},"modified":"2026-01-17T22:00:21","modified_gmt":"2026-01-17T21:00:21","slug":"koszyk","status":"publish","type":"page","link":"https:\/\/ornulia.pl\/?page_id=9","title":{"rendered":"Koszyk"},"content":{"rendered":"\n<div data-block-name=\"woocommerce\/cart\" class=\"wp-block-woocommerce-cart alignwide is-loading\">\n<div data-block-name=\"woocommerce\/filled-cart-block\" class=\"wp-block-woocommerce-filled-cart-block\">\n<div data-block-name=\"woocommerce\/cart-items-block\" class=\"wp-block-woocommerce-cart-items-block\">\n<div data-block-name=\"woocommerce\/cart-line-items-block\" class=\"wp-block-woocommerce-cart-line-items-block\"><\/div>\n\n\n<\/div>\n\n\n\n\n<div data-block-name=\"woocommerce\/cart-totals-block\" class=\"wp-block-woocommerce-cart-totals-block\">\n<div data-block-name=\"woocommerce\/cart-order-summary-block\" class=\"wp-block-woocommerce-cart-order-summary-block\">\n<div data-block-name=\"woocommerce\/cart-order-summary-heading-block\" class=\"wp-block-woocommerce-cart-order-summary-heading-block\"><\/div><div data-block-name=\"woocommerce\/cart-order-summary-coupon-form-block\" class=\"wp-block-woocommerce-cart-order-summary-coupon-form-block\"><\/div><div data-block-name=\"woocommerce\/cart-order-summary-totals-block\" class=\"wp-block-woocommerce-cart-order-summary-totals-block\">\n<div data-block-name=\"woocommerce\/cart-order-summary-subtotal-block\" class=\"wp-block-woocommerce-cart-order-summary-subtotal-block\"><\/div>\n<div data-block-name=\"woocommerce\/cart-order-summary-discount-block\" class=\"wp-block-woocommerce-cart-order-summary-discount-block\"><\/div>\n<div data-block-name=\"woocommerce\/cart-order-summary-fee-block\" class=\"wp-block-woocommerce-cart-order-summary-fee-block\"><\/div>\n<div data-block-name=\"woocommerce\/cart-order-summary-shipping-block\" class=\"wp-block-woocommerce-cart-order-summary-shipping-block\"><\/div>\n<div data-block-name=\"woocommerce\/cart-order-summary-taxes-block\" class=\"wp-block-woocommerce-cart-order-summary-taxes-block\"><\/div><\/div>\n<\/div>\n\n\n\n<div data-block-name=\"woocommerce\/cart-express-payment-block\" class=\"wp-block-woocommerce-cart-express-payment-block\"><\/div>\n\n\n\n<div data-block-name=\"woocommerce\/proceed-to-checkout-block\" class=\"wp-block-woocommerce-proceed-to-checkout-block\"><\/div>\n\n\n\n<div data-block-name=\"woocommerce\/cart-accepted-payment-methods-block\" class=\"wp-block-woocommerce-cart-accepted-payment-methods-block\"><\/div>\n<\/div>\n<\/div>\n\n\n\n<div data-block-name=\"woocommerce\/empty-cart-block\" class=\"wp-block-woocommerce-empty-cart-block\">\n<h2 class=\"wp-block-heading has-text-align-center with-empty-cart-icon wc-block-cart__empty-cart__title\">Tw\u00f3j koszyk jest obecnie pusty!<\/h2>\n\n\n\n<hr class=\"wp-block-separator has-alpha-channel-opacity is-style-dots\"\/>\n\n\n\n<h2 class=\"wp-block-heading has-text-align-center\">Nowe w sklepie<\/h2>\n\n\n<div data-block-name=\"woocommerce\/product-new\" data-columns=\"4\" data-rows=\"1\" class=\"wc-block-grid wp-block-product-new wp-block-woocommerce-product-new wc-block-product-new has-4-columns\"><ul class=\"wc-block-grid__products\"><li class=\"wc-block-grid__product\">\n\t\t\t\t<a href=\"https:\/\/ornulia.pl\/?product=magiczny-wezyk-antystresowy\" class=\"wc-block-grid__product-link\">\n\t\t\t\t\t<div class=\"wc-block-grid__product-onsale\">\n\t\t\t<span aria-hidden=\"true\">Promocja<\/span>\n\t\t\t<span class=\"screen-reader-text\">Produkt w promocji<\/span>\n\t\t<\/div>\n\t\t\t\t\t<div class=\"wc-block-grid__product-image\"><img fetchpriority=\"high\" decoding=\"async\" width=\"300\" height=\"300\" src=\"https:\/\/ornulia.pl\/wp-content\/uploads\/2026\/03\/4a-300x300.png\" class=\"attachment-woocommerce_thumbnail size-woocommerce_thumbnail\" alt=\"W\u0119\u017cyk - Zabawka antystresowa (5 sztuk)\" srcset=\"https:\/\/ornulia.pl\/wp-content\/uploads\/2026\/03\/4a-300x300.png 300w, https:\/\/ornulia.pl\/wp-content\/uploads\/2026\/03\/4a-150x150.png 150w, https:\/\/ornulia.pl\/wp-content\/uploads\/2026\/03\/4a-768x768.png 768w, https:\/\/ornulia.pl\/wp-content\/uploads\/2026\/03\/4a-140x140.png 140w, https:\/\/ornulia.pl\/wp-content\/uploads\/2026\/03\/4a-100x100.png 100w, https:\/\/ornulia.pl\/wp-content\/uploads\/2026\/03\/4a-500x500.png 500w, https:\/\/ornulia.pl\/wp-content\/uploads\/2026\/03\/4a-350x350.png 350w, https:\/\/ornulia.pl\/wp-content\/uploads\/2026\/03\/4a-800x800.png 800w, https:\/\/ornulia.pl\/wp-content\/uploads\/2026\/03\/4a.png 1000w\" sizes=\"(max-width: 300px) 100vw, 300px\" \/><\/div>\n\t\t\t\t\t<div class=\"wc-block-grid__product-title\">W\u0119\u017cyk &#8211; Zabawka antystresowa (5 sztuk)<\/div>\n\t\t\t\t<\/a>\n\t\t\t\t<div class=\"wc-block-grid__product-price price\"><del aria-hidden=\"true\"><span class=\"woocommerce-Price-amount amount\"><span class=\"woocommerce-Price-currencySymbol\">&#122;&#322;<\/span>99.99<\/span><\/del> <span class=\"screen-reader-text\">Pierwotna cena wynosi\u0142a: &#122;&#322;99.99.<\/span><ins aria-hidden=\"true\"><span class=\"woocommerce-Price-amount amount\"><span class=\"woocommerce-Price-currencySymbol\">&#122;&#322;<\/span>49.99<\/span><\/ins><span class=\"screen-reader-text\">Aktualna cena wynosi: &#122;&#322;49.99.<\/span><\/div>\n\t\t\t\t<div class=\"wc-block-grid__product-rating\"><div class=\"star-rating\" role=\"img\" aria-label=\"Oceniono 4.47 na 5\"><span style=\"width:89.4%\">Oceniony <strong class=\"rating\">4.47<\/strong> na 5 na podstawie <span class=\"rating\">243<\/span> ocen klient\u00f3w<\/span><\/div><\/div>\n\t\t\t\t<div class=\"wp-block-button wc-block-grid__product-add-to-cart\"><a href=\"\/index.php?rest_route=%2Fwp%2Fv2%2Fpages%2F9&#038;add-to-cart=2002\" aria-label=\"Dodaj do koszyka: &bdquo;W\u0119\u017cyk - Zabawka antystresowa (5 sztuk)&rdquo;\" data-quantity=\"1\" data-product_id=\"2002\" data-product_sku=\"\" data-price=\"49.99\" rel=\"nofollow\" class=\"wp-block-button__link  add_to_cart_button ajax_add_to_cart\">Dodaj do koszyka<\/a><\/div>\n\t\t\t<\/li><li class=\"wc-block-grid__product\">\n\t\t\t\t<a href=\"https:\/\/ornulia.pl\/?product=magiczna-kostka-przeksztalcajaca-sie-w-ponad-100-ksztaltow\" class=\"wc-block-grid__product-link\">\n\t\t\t\t\t<div class=\"wc-block-grid__product-onsale\">\n\t\t\t<span aria-hidden=\"true\">Promocja<\/span>\n\t\t\t<span class=\"screen-reader-text\">Produkt w promocji<\/span>\n\t\t<\/div>\n\t\t\t\t\t<div class=\"wc-block-grid__product-image\"><img decoding=\"async\" width=\"300\" height=\"300\" src=\"https:\/\/ornulia.pl\/wp-content\/uploads\/2026\/02\/6cm-300x300.png\" class=\"attachment-woocommerce_thumbnail size-woocommerce_thumbnail\" alt=\"Magiczna Kostka Przekszta\u0142caj\u0105ca si\u0119 w Ponad 70 Kszta\u0142t\u00f3w\" srcset=\"https:\/\/ornulia.pl\/wp-content\/uploads\/2026\/02\/6cm-300x300.png 300w, https:\/\/ornulia.pl\/wp-content\/uploads\/2026\/02\/6cm-1024x1024.png 1024w, https:\/\/ornulia.pl\/wp-content\/uploads\/2026\/02\/6cm-150x150.png 150w, https:\/\/ornulia.pl\/wp-content\/uploads\/2026\/02\/6cm-768x768.png 768w, https:\/\/ornulia.pl\/wp-content\/uploads\/2026\/02\/6cm-1536x1536.png 1536w, https:\/\/ornulia.pl\/wp-content\/uploads\/2026\/02\/6cm-2048x2048.png 2048w, https:\/\/ornulia.pl\/wp-content\/uploads\/2026\/02\/6cm-140x140.png 140w, https:\/\/ornulia.pl\/wp-content\/uploads\/2026\/02\/6cm-100x100.png 100w, https:\/\/ornulia.pl\/wp-content\/uploads\/2026\/02\/6cm-500x500.png 500w, https:\/\/ornulia.pl\/wp-content\/uploads\/2026\/02\/6cm-350x350.png 350w, https:\/\/ornulia.pl\/wp-content\/uploads\/2026\/02\/6cm-1000x1000.png 1000w, https:\/\/ornulia.pl\/wp-content\/uploads\/2026\/02\/6cm-800x800.png 800w\" sizes=\"(max-width: 300px) 100vw, 300px\" \/><\/div>\n\t\t\t\t\t<div class=\"wc-block-grid__product-title\">Magiczna Kostka Przekszta\u0142caj\u0105ca si\u0119 w Ponad 70 Kszta\u0142t\u00f3w<\/div>\n\t\t\t\t<\/a>\n\t\t\t\t<div class=\"wc-block-grid__product-price price\"><del aria-hidden=\"true\"><span class=\"woocommerce-Price-amount amount\"><span class=\"woocommerce-Price-currencySymbol\">&#122;&#322;<\/span>99.99<\/span><\/del> <span class=\"screen-reader-text\">Pierwotna cena wynosi\u0142a: &#122;&#322;99.99.<\/span><ins aria-hidden=\"true\"><span class=\"woocommerce-Price-amount amount\"><span class=\"woocommerce-Price-currencySymbol\">&#122;&#322;<\/span>49.99<\/span><\/ins><span class=\"screen-reader-text\">Aktualna cena wynosi: &#122;&#322;49.99.<\/span><\/div>\n\t\t\t\t<div class=\"wc-block-grid__product-rating\"><div class=\"star-rating\" role=\"img\" aria-label=\"Oceniono 4.47 na 5\"><span style=\"width:89.4%\">Oceniony <strong class=\"rating\">4.47<\/strong> na 5 na podstawie <span class=\"rating\">243<\/span> ocen klient\u00f3w<\/span><\/div><\/div>\n\t\t\t\t<div class=\"wp-block-button wc-block-grid__product-add-to-cart\"><a href=\"\/index.php?rest_route=%2Fwp%2Fv2%2Fpages%2F9&#038;add-to-cart=1929\" aria-label=\"Dodaj do koszyka: &bdquo;Magiczna Kostka Przekszta\u0142caj\u0105ca si\u0119 w Ponad 70 Kszta\u0142t\u00f3w&rdquo;\" data-quantity=\"1\" data-product_id=\"1929\" data-product_sku=\"\" data-price=\"49.99\" rel=\"nofollow\" class=\"wp-block-button__link  add_to_cart_button ajax_add_to_cart\">Dodaj do koszyka<\/a><\/div>\n\t\t\t<\/li><li class=\"wc-block-grid__product\">\n\t\t\t\t<a href=\"https:\/\/ornulia.pl\/?product=mokro-ludki-zestaw-16-szt\" class=\"wc-block-grid__product-link\">\n\t\t\t\t\t<div class=\"wc-block-grid__product-onsale\">\n\t\t\t<span aria-hidden=\"true\">Promocja<\/span>\n\t\t\t<span class=\"screen-reader-text\">Produkt w promocji<\/span>\n\t\t<\/div>\n\t\t\t\t\t<div class=\"wc-block-grid__product-image\"><img decoding=\"async\" width=\"300\" height=\"300\" src=\"https:\/\/ornulia.pl\/wp-content\/uploads\/2026\/02\/8-300x300.png\" class=\"attachment-woocommerce_thumbnail size-woocommerce_thumbnail\" alt=\"Mokro zwierzaczki\" srcset=\"https:\/\/ornulia.pl\/wp-content\/uploads\/2026\/02\/8-300x300.png 300w, https:\/\/ornulia.pl\/wp-content\/uploads\/2026\/02\/8-1024x1024.png 1024w, https:\/\/ornulia.pl\/wp-content\/uploads\/2026\/02\/8-150x150.png 150w, https:\/\/ornulia.pl\/wp-content\/uploads\/2026\/02\/8-768x768.png 768w, https:\/\/ornulia.pl\/wp-content\/uploads\/2026\/02\/8-1536x1536.png 1536w, https:\/\/ornulia.pl\/wp-content\/uploads\/2026\/02\/8-2048x2048.png 2048w, https:\/\/ornulia.pl\/wp-content\/uploads\/2026\/02\/8-140x140.png 140w, https:\/\/ornulia.pl\/wp-content\/uploads\/2026\/02\/8-100x100.png 100w, https:\/\/ornulia.pl\/wp-content\/uploads\/2026\/02\/8-500x500.png 500w, https:\/\/ornulia.pl\/wp-content\/uploads\/2026\/02\/8-350x350.png 350w, https:\/\/ornulia.pl\/wp-content\/uploads\/2026\/02\/8-1000x1000.png 1000w, https:\/\/ornulia.pl\/wp-content\/uploads\/2026\/02\/8-800x800.png 800w\" sizes=\"(max-width: 300px) 100vw, 300px\" \/><\/div>\n\t\t\t\t\t<div class=\"wc-block-grid__product-title\">Mokro zwierzaczki<\/div>\n\t\t\t\t<\/a>\n\t\t\t\t<div class=\"wc-block-grid__product-price price\"><del aria-hidden=\"true\"><span class=\"woocommerce-Price-amount amount\"><span class=\"woocommerce-Price-currencySymbol\">&#122;&#322;<\/span>159.99<\/span><\/del> <span class=\"screen-reader-text\">Pierwotna cena wynosi\u0142a: &#122;&#322;159.99.<\/span><ins aria-hidden=\"true\"><span class=\"woocommerce-Price-amount amount\"><span class=\"woocommerce-Price-currencySymbol\">&#122;&#322;<\/span>79.99<\/span><\/ins><span class=\"screen-reader-text\">Aktualna cena wynosi: &#122;&#322;79.99.<\/span><\/div>\n\t\t\t\t<div class=\"wc-block-grid__product-rating\"><div class=\"star-rating\" role=\"img\" aria-label=\"Oceniono 5.00 na 5\"><span style=\"width:100%\">Oceniony <strong class=\"rating\">5.00<\/strong> na 5 na podstawie <span class=\"rating\">11<\/span> ocen klient\u00f3w<\/span><\/div><\/div>\n\t\t\t\t<div class=\"wp-block-button wc-block-grid__product-add-to-cart\"><a href=\"\/index.php?rest_route=%2Fwp%2Fv2%2Fpages%2F9&#038;add-to-cart=1889\" aria-label=\"Dodaj do koszyka: &bdquo;Mokro zwierzaczki&rdquo;\" data-quantity=\"1\" data-product_id=\"1889\" data-product_sku=\"\" data-price=\"79.99\" rel=\"nofollow\" class=\"wp-block-button__link  add_to_cart_button ajax_add_to_cart\">Dodaj do koszyka<\/a><\/div>\n\t\t\t<\/li><\/ul><\/div><\/div>\n<\/div>\n","protected":false},"excerpt":{"rendered":"Zobacz inne r\u00f3wnie interesuj\u0105ce&hellip; Tw\u00f3j koszyk jest obecnie pusty! Nowe w sklepie","protected":false},"author":1,"featured_media":0,"parent":0,"menu_order":0,"comment_status":"closed","ping_status":"closed","template":"","meta":{"_glsr_average":0,"_glsr_ranking":0,"_glsr_reviews":0,"footnotes":""},"class_list":["post-9","page","type-page","status-publish"],"jetpack_sharing_enabled":true,"_links":{"self":[{"href":"https:\/\/ornulia.pl\/index.php?rest_route=\/wp\/v2\/pages\/9","targetHints":{"allow":["GET"]}}],"collection":[{"href":"https:\/\/ornulia.pl\/index.php?rest_route=\/wp\/v2\/pages"}],"about":[{"href":"https:\/\/ornulia.pl\/index.php?rest_route=\/wp\/v2\/types\/page"}],"author":[{"embeddable":true,"href":"https:\/\/ornulia.pl\/index.php?rest_route=\/wp\/v2\/users\/1"}],"replies":[{"embeddable":true,"href":"https:\/\/ornulia.pl\/index.php?rest_route=%2Fwp%2Fv2%2Fcomments&post=9"}],"version-history":[{"count":1,"href":"https:\/\/ornulia.pl\/index.php?rest_route=\/wp\/v2\/pages\/9\/revisions"}],"predecessor-version":[{"id":1669,"href":"https:\/\/ornulia.pl\/index.php?rest_route=\/wp\/v2\/pages\/9\/revisions\/1669"}],"wp:attachment":[{"href":"https:\/\/ornulia.pl\/index.php?rest_route=%2Fwp%2Fv2%2Fmedia&parent=9"}],"curies":[{"name":"wp","href":"https:\/\/api.w.org\/{rel}","templated":true}]}}